e 15*m + 4 = 16*m. What is i(m)?
-9
Let s be 2/(-4) - (-65)/10. Let f(x) = -x**2 + 9*x - 6. What is f(s)?
12
Let y(c) = -c + 9. Let m(b) = b - 2*b + b - b. Let v(a) = m(a) + y(a). Calculate v(6).
-3
Suppose 6*k - 12 = 4*k. Let y = k + -9. Let z be -2 - 2/(-3)*y. Let r(s) = -s**3 - 3*s**2 + 4*s - 5. Determine r(z).
-5
Suppose 0 = 5*p + 10, 0 = 6*a - 2*a + p - 10. Let x(i) = i - 4. What is x(a)?
-1
Suppose 6 = z - 11. Suppose -2*h - 2*u - z = u, -26 = h + 5*u. Let m be (-9)/(-6) - h/2. Let o(a) = -a**2 + 3*a - 1. Give o(m).
1
Let l(g) be the first derivative of 0*g**2 - 2 + g + 2/3*g**3. Determine l(2).
9
Let h(r) = 1 + 0 + r**3 - 6*r - 4*r**2 - 5 + 3. Determine h(5).
-6
Let j be 144/20 - 1/5. Suppose 0 = -5*p - 2*l + j, -2*l = -5*p - l + 4. Let v(x) = 0 - x + p + 1. Determine v(-2).
4
Let p(g) = -g**2 - 2. Let j be p(0). Let a(m) = -m**3 - m**2 + m + 1. Let y be a(j). Let k(c) = -3 - y + 9*c**2 - 8*c**2. Give k(0).
-6
Let n = 4 - 3. Suppose -5*o + 16 = n. Let w(j) = -j + 5*j + 4*j**2 + o - 5*j**2. Determine w(5).
-2
Let i(d) = -d. Let w(f) = -f**2 + f - 1. Let u(a) = 6*i(a) - w(a). Give u(6).
-5
Let d(x) be the first derivative of 5*x**2/2 + x - 7. Determine d(1).
6
Let t(o) = -o - 1. Let i(f) = 4*f + 4. Let n be i(-2). Give t(n).
3
Let h(b) = -b**3 + 6*b**2 - 5*b + 5. Let c be h(5). Let q(s) = -4 - c - s**2 - 5*s + 2*s + s**3 + 6. Give q(3).
6
Suppose 0 = 5*v - 3*v - 12. Let n(m) = -5*m**3 + 2*m**2 + 3*m - 5. Let h(x) = x**3 + x**2 - x + 1. Let j(f) = -4*h(f) - n(f). What is j(v)?
7
Let u = 15 + -15. Let c(i) = -2*i**2 + 2*i + 10. Let g(v) = -v**2 + v + 5. Let z(h) = -6*c(h) + 11*g(h). Let o be z(u). Let q(s) = s + 9. Give q(o).
4
Suppose -2 = -z - 5*f, -f = -4*z + f + 8. Suppose -z*m = -0 + 4. Let i(t) = 3*t + 3. Give i(m).
-3
Let h be (-5)/10*0*-1. Let i(c) be the third derivative of 1/60*c**5 - 1/3*c**3 + 0*c + h*c**4 - c**2 + 1/120*c**6 + 0. What is i(-2)?
-6
Suppose -31 + 7 = -4*l. Let n be (-4)/l + 12/18. Let p(v) = -v**2 - 9. What is p(n)?
-9
Let h(u) = 4*u**2 - 11*u - 4. Let a = 11 - 6. Let m(z) = -z + 5*z**2 - 5 - 4*z**2 + 4. Let b(o) = a*m(o) - h(o). What is b(-5)?
-6
Let h = -1 - -2. Let t(r) = -7*r**2 - r + 2. Let f(l) = l + 1. Let z(d) = f(d) - t(d). Give z(h).
8
Suppose -14 + 2 = -4*h. Let d(w) = -h*w - w + 4*w - w - 4. Calculate d(-3).
-1
Let n(l) = -3*l**2 - 2*l + 1. Suppose 2*p + 4*c - 4 = 0, 0 = -4*c - 0*c + 12. Let k be p/6*3/(-2). What is n(k)?
-4
Let f(x) be the second derivative of x**4/12 + x**3/2 + x**2 - 16*x. Give f(-3).
2
Let p(h) = 3*h**3 + h**2 + h. Let x(g) = g**3 + 6*g**2 + 8. Let d be x(-6). Suppose -3*w - 5 = d*s - 4*s, -5*w - 1 = 3*s. Suppose 3*q = -w - 2. Determine p(q).
-3
Let o(k) = -k**3 - 5*k**2 + 7*k + 1. Suppose u + 7 = -q, -q + 4*u = -2*q - 10. What is o(q)?
-5
Let d(o) be the first derivative of -o**4/4 - o**3/3 - o**2/2 + o - 14. Suppose 3*r = -0*r + k - 4, -4*k = -r + 6. Determine d(r).
7
Let r = -1 - -8. Suppose -t + 2*m - 6 = r, -4*t = -4*m + 32. Let x(z) = 3*z + 3 + 3*z - z + 2*z**2. Determine x(t).
6
Let u(i) = 5*i. Let j(k) = -16*k - 3 + 15*k + 3. Let o(n) = 4*j(n) + u(n). Give o(1).
1
Let f be -1*2*15/80*8. Let y(x) = -4*x**3 - 7*x**2 - 6*x + 6. Let c(o) = o**3 + o**2 + o - 1. Let k(t) = 3*c(t) + y(t). What is k(f)?
3
Let j(u) be the first derivative of 9*u**4/4 + u**3/3 + 5*u**2/2 - u - 1. Let y(b) = -b**3 - b**2 - b. Let w(q) = -j(q) - 3*y(q). Let r = 3 - 2. What is w(r)?
-5
Let o(w) be the third derivative of -w**4/24 + w**3 - 5*w**2. Give o(4).
2
Let j(c) = -3. Let n(b) = -b + 5. Let i(a) = 7*j(a) + 4*n(a). Determine i(-1).
3
Let l(x) be the first derivative of 1/3*x**3 + 4*x - 5 - x**2. Determine l(3).
7
Let r be (-2)/(2/1) - 1. Let w(b) = 3 + 6*b - 3*b + 3*b - 2*b - b. What is w(r)?
-3
Let d(q) be the third derivative of -q**5/30 - q**4/8 + q**3/2 - 2*q**2. Suppose -7*p + 3*p = 0. Let b be -2 + (-2)/(p + 2). What is d(b)?
-6
Let d(h) be the second derivative of h**3/6 + h**2/2 + 27*h. What is d(-1)?
0
Suppose -3*z + 16*z = -104. Let j(h) = -h. Give j(z).
8
Suppose 0 = -3*x - 3 + 45. Let b be 6/(-15) - x/(-10). Let y(s) be the second derivative of -3*s**5/20 - s**4/6 + s**3/3 - s**2/2 + s. Determine y(b).
-4
Let q(l) = -3*l + 8. Let s be q(4). Let a(g) = g**3 + 3*g**2 + g - 1. Determine a(s).
-21
Let z(u) = -1. Suppose 7 = -f - 3*b, -2 = 3*f + b + 11. Let j(s) = 2*s**2 + 2*s - 3. Let k(x) = f*z(x) + j(x). Suppose 0*q = -3*q - 6. Determine k(q).
5
Let h = -4 + 7. Let y(c) = -7*c + c**2 + 3*c + 0 - 2. Give y(h).
-5
Let q(g) = g + 1. Let x be q(-4). Let r(n) = 0 + n**3 + 4*n**2 + 4*n + 4 + n**2. Give r(x).
10
Let r(q) = 5*q**3 - q**2 - 13*q - 2. Let p(w) = 11*w**3 - 4*w**2 - 27*w - 4. Let x(j) = -4*p(j) + 9*r(j). What is x(-8)?
6
Let a be 0/((-4*1)/2). Let d(w) = -w + 2. Let y be d(3). Let z = y - a. Let b(u) = 3*u + 1. Determine b(z).
-2
Let m(n) = -n**2 + 1. Let i(r) = -3*r**2 + 6*r - 1. Let v(b) = i(b) - 4*m(b). Calculate v(-6).
-5
Let d(z) = 3*z - 7. Let v be d(9). Let m = -14 + v. Suppose -i = i - m. Let s(p) = p**2 - 5*p + 4. Determine s(i).
-2
Let g = -17 - 4. Let f(w) = w. Let h(d) = 6*d. Let k(s) = g*f(s) + 3*h(s). Suppose 0 = -4*a + q + q + 14, -4*q = 20. Determine k(a).
-3
Let f(n) be the third derivative of 1/24*n**4 + 0*n + 1/6*n**3 - 9*n**2 + 1/30*n**5 + 0. Suppose -3*c + 0 = 3. What is f(c)?
2
Let k(s) be the third derivative of -s**8/6720 - s**7/2520 - s**6/720 - s**5/24 + 5*s**4/24 - 3*s**2. Let v(h) be the second derivative of k(h). Give v(0).
-5
Suppose -2*y = -3*i - 3*y - 15, -i + 5*y = -11. Let m(s) be the third derivative of -s**6/120 - s**5/20 + s**4/8 + 5*s**3/6 - s**2. What is m(i)?
9
Let m(l) = -l**3 - 8*l**2 - 8*l - 15. Let k be m(-7). Let b(c) = -c**2 - 7*c + 7. Determine b(k).
-1
Let r(y) be the third derivative of -y**6/360 - y**5/120 + y**3/2 - 7*y**2. Let i(g) be the first derivative of r(g). What is i(-4)?
-12
Let h(d) = -d**3 + d**2 + 3*d + 5. Let v(o) = o**2 + o + 1. Let y(q) = -h(q) + 3*v(q). Let n = -2 + -5. Let p(j) = j + 5. Let k be p(n). Give y(k).
-2
Let t(v) = v**3 - 5*v**2 + v - 3. Suppose -9 = -3*h - 3*a, 2*h + 3*a = -0*a + 4. Determine t(h).
2
Let r(x) = -6*x**2. Suppose -1 = 5*a + 4. Let f be r(a). Let k(c) = c**3 + 7*c**2 + 7*c + 2. Give k(f).
-4
Let d(l) = -l + 6. Let h = -30 + 35. Calculate d(h).
1
Let k(j) = -13*j - 9. Let m(t) = -5 - 2*t - 4*t + 1. Let h(b) = 3*k(b) - 7*m(b). Let y be -1*2/(2/1). Determine h(y).
-2
Suppose -4*s + l + 3 = -3*s, 5*s - 55 = -5*l. Suppose -2*b + s + 3 = 0. Suppose d + b = -4*d. Let y(k) = -2*k**2 - k - 1. What is y(d)?
-2
Suppose 6 = -5*n - 14. Let x(h) = -9*h - 5. Let i(s) = -3*s - 2. Let d(o) = -11*i(o) + 4*x(o). Give d(n).
14
Let h(s) = s - 10. Let k be 10*5*(-1)/(-2). Let z(y) = -y + 3. Let o be z(3). Suppose k = 5*w - o*w. Determine h(w).
-5
Let t(v) be the third derivative of -v**5/60 + 5*v**4/24 - 2*v**2. What is t(5)?
0
Let g(y) = y**3 + 4*y**2 + 3*y. Let q be g(-3). Let j be q + 2 + -4 - -3. Let p(k) = -9*k - 1. Determine p(j).
-10
Let w = -2 + 4. Let d(v) = 3 + 0*v + 8*v - 4*v + v**w. Suppose 0 = 5*o + 4*t + 3 + 19, o = 3*t + 7. What is d(o)?
-1
Suppose 0*n - 2*v = -4*n + 24, -2*v = 0. Let l(w) = 1 + 0 - 3*w**2 + n*w + 2*w**2. Give l(4).
9
Let r = 22 + -18. Let j(d) = d**3 - 3*d**2 - 4*d + 5. Calculate j(r).
5
Let b = 14 - 10. Let y(w) be the third derivative of w**4/24 - w**3 - 5*w**2. What is y(b)?
-2
Let q(r) be the second derivative of -5*r**4/12 + r**3/3 - r**2/2 - 27*r. Give q(1).
-4
Let u(d) be the third derivative of -1/60*d**5 + 2*d**2 + 0 + 0*d - 1/2*d**3 + 1/12*d**4. Let y = 6 + -3. Calculate u(y).
-6
Let j(i) be the third derivative of i**5/30 - i**3/6 + i**2. Calculate j(-1).
1
Let v(r) = -4*r + 1. Let h be (2/(-5))/((-4)/(-20)). Let n = 0 + h. Calculate v(n).
9
Let n be 20/(-12) - (-2)/(-6). Let k be (-1 - n)/((-3)/6). Let f(d) = d**2 + 3*d + 3. Give f(k).
1
Let a(z) = -z**2 + 5*z - 1. Suppose -3*v + 5*v = 8. Let d be a(v). Let m(s) = -6*s - 1. Let c(x) = 13*x + 2. Let u(q) = -4*c(q) - 9*m(q). What is u(d)?
7
Let u = -122 + 113. Let p(i) = -i - 3. Determine p(u).
6
Suppose 0 = -0*d - 5*d - 30. Let b be -3 - 6/(-1 + -2). Let x(l) = l**2 - 6*l - 4. Let c(o) = 1. Let a(z) = b*x(z) + d*c(z). Calculate a(5).
3
Let q(v) = -2 - 2*v**3 + 2 + 3*v + 1 - 2*v. Give q(-1).
2
Let u(c) = c**2 - 6*c